vative of -11*t**3/3 - 2*t**2 - 3*t - 1. Let j(k) = -5*k**2 - 2*k - 2. Let d(p) = -5*j(p) + 3*v(p). Determine d(1).
-9
Let b(l) be the second derivative of l**5/20 - l**4/12 - l**3/6 + 5*l**2 - 8*l. What is b(0)?
10
Let x(l) = -l**3 - 7*l**2 - 8*l - 5. Let s(m) = -2*m. Let z be s(5). Let r be (z/(-25))/(2/(-30)). Calculate x(r).
7
Let t be 15/6 + (-1)/(-2). Suppose 2*g + t = 9. Let q(r) = -4*r**2 - r - 5. Let c(o) = -5*o**2 - 6. Let s(v) = g*c(v) - 4*q(v). What is s(-4)?
2
Let n = -12 - -13. Let y(d) = -d + 1. Determine y(n).
0
Let y(j) be the first derivative of j**3/3 + 2*j**2 - 5*j - 9. What is y(-5)?
0
Let t(h) be the second derivative of -7*h**4/6 + h**3/6 + 16*h. Suppose -5 = -0*v + 5*v. Give t(v).
-15
Let h be (-2)/3*63/(-84). Let s(q) be the first derivative of 5*q - 2 - h*q**2. Determine s(5).
0
Let f(y) = y**2 - 6*y - 1. Let q be (10/(-6))/(1/(-3)). Determine f(q).
-6
Let t(u) = -u**3 + 3*u**2 - 3*u + 4. Suppose -3*f - 3 = -6*f. Suppose -11 - f = -4*h. Determine t(h).
-5
Let t(j) = -j - 7. Suppose 45*l + 24 = 37*l. Determine t(l).
-4
Let i(z) = -3*z**3 - 2*z**2 + 2. Let s(y) = -13*y**3 - 7*y**2 + y + 9. Let q be 6/(-5)*(-90)/12. Let l(g) = q*i(g) - 2*s(g). Let a = -5 - -1. Determine l(a).
8
Let j(q) = 9*q - 32. Let p(a) = 4*a - 15. Let k(h) = 6*j(h) - 13*p(h). Calculate k(-6).
-9
Suppose -3*v + v = -4. Let y(f) be the third derivative of 0 + 3*f**2 + 1/120*f**6 + 0*f**3 + 0*f + 1/12*f**4 - 1/15*f**5. What is y(v)?
-4
Let p(n) = n**2 + 2*n - 8. Let i(m) = 4*m**2 + 7*m - 6. Let b(r) = 5*r**2 + 7*r - 6. Let u(j) = 5*b(j) - 6*i(j). Let s be u(3). What is p(s)?
16
Let u(v) = 6*v - 29 - 5*v + 21. Suppose 3*d + 2*d = 0. What is u(d)?
-8
Let k be (4/6)/((-12)/(-54)). Suppose -2*g = -k - 5. Let z(f) be the second derivative of -f**3/3 - 2*f**2 - f. Determine z(g).
-12
Let u(k) be the first derivative of -k**3/3 + 7*k**2/2 - 8*k + 1. What is u(6)?
-2
Suppose v = 3*v + 2*q + 10, 0 = -3*v - q - 7. Suppose -8 = 4*x - 5*x. Let s(j) = -j + x*j - 2 + 1. Give s(v).
-8
Let g(d) = d**3 - 9*d**2 + 7*d + 7. Suppose -11 = 5*f + 4*s - 39, 0 = -3*f + 2*s + 30. Calculate g(f).
-1
Let c(l) be the second derivative of -l**5/5 - l**3/3 + l**2/2 - 13*l. Let f(d) = -d**2 + 1. Let r be f(0). Determine c(r).
-5
Let x(t) = -7*t. Let r be (-3)/6 - (-18)/4. Let q = r - 5. Calculate x(q).
7
Let f(z) be the second derivative of -z**4/12 + z**3/6 + z**2/2 - z. Let b(d) = 2*d - 2*d**2 + 2*d - d**2 + 1. Let k(w) = 2*b(w) - 4*f(w). Calculate k(2).
-2
Let u(b) = 3*b - 2. Let a(v) = -v**2 + 8*v - 3. Let h be a(8). Let w be h/(-1) - (-5 + 6). What is u(w)?
4
Suppose h = -2 + 4. Let g(r) = 7*r - 4*r**h + 3*r**2 - 5 - 6*r**2 + r**3. Let y be g(6). Let x(q) = -2*q**2 - q + 1. Give x(y).
-2
Let m(v) be the second derivative of 1/2*v**3 - 1/2*v**2 + 0 + 1/12*v**4 - 4*v. Let n be -1 + -1*2/1. What is m(n)?
-1
Let m be (-12)/9*9/(-2). Let a(o) = -o**2 + 6*o + 6. Give a(m).
6
Suppose -2*o + 6 - 2 = 0. Suppose 0 = -2*m + 2*l - 16, o*m = m + 3*l - 14. Let w(s) = 2*s + 7. Determine w(m).
-3
Let t = 75/2 + -2249/60. Let v(j) be the third derivative of 0 + 7/6*j**3 + j**2 + t*j**5 + 0*j - 1/24*j**4. Determine v(0).
7
Let b(o) = o. Suppose 21 - 1 = 5*u. Let v(n) = -3*n + 4. Let x(p) = u*b(p) + v(p). Suppose 0 = q + 5*k - 1 + 2, 3*q - 4*k = 16. Determine x(q).
8
Let l(n) be the first derivative of -n**6/120 - n**5/15 + 5*n**4/24 + 7*n**3/6 + 3*n**2/2 - 3. Let j(r) be the second derivative of l(r). What is j(-5)?
7
Suppose 5*j + 26 = 2*k, 3*j + 14 = 4*k - 2*k. Let y(a) = -a**3 - 6*a**2 + 8. Give y(j).
8
Let x be (-4)/(-10) + 2/(-5). Let b(q) be the first derivative of -q**2/2 - 2*q - 1. Let z(w) = w + 2. Let p(i) = -6*b(i) - 7*z(i). Give p(x).
-2
Let n(y) = y**2 + 4*y + 4. Suppose 3*i + 4*v + 12 + 8 = 0, 3*v + 15 = -4*i. Suppose -16 = -2*a - 2*a, -2*c - 3*a + 4 = i. Give n(c).
4
Let l(g) be the second derivative of -3*g + 2*g**2 + 0 - 1/6*g**3 - 1/24*g**4. Let p(z) be the first derivative of l(z). Give p(-3).
2
Let o be ((-15)/6)/((-2)/4). Let l(d) = -3*d**2 - d**2 - 7*d + 5*d**3 - 4*d**3. Calculate l(o).
-10
Let o(a) = a**3 - 10*a**2 + 6*a - 9. Let v(c) = -2*c**3 + 21*c**2 - 12*c + 19. Let b(q) = 9*o(q) + 4*v(q). Determine b(5).
0
Suppose -r = -2*k - 4*r + 26, 36 = 4*k + 2*r. Let z(a) = -4*a + 4*a - a + 0 + k. Let j be z(7). Let f(w) = -w**2 + 1. Calculate f(j).
1
Let t be 1 - 3*(-3)/(-9). Let q(w) = w**2 + w + 1. Give q(t).
1
Suppose -1 = -5*l + 19. Let a(y) = -2*y + 6. Give a(l).
-2
Let v = -20 - -24. Let c(w) be the third derivative of 0*w + 0 - w**2 + 1/2*w**3 - 1/4*w**v. Calculate c(2).
-9
Suppose -2*c + 6*c + 8 = 0. Let r(u) = u**2 - 2. What is r(c)?
2
Let g be ((-9)/6)/((-3)/36*-9). Let s(k) = 6*k - 5*k - 3 + 1. Determine s(g).
-4
Suppose 3*q + 7 - 10 = 0. Let r(p) = -13*p - 1. Give r(q).
-14
Let q(y) = -y + 4. Suppose -v + 12 = v. Let u be (-3)/v*(2 + -2). Calculate q(u).
4
Let h(s) = s**3 - 4*s**2 - 4*s + 7. Suppose -5*a + 10 + 0 = 0. Let i be (2 + 3/6)*a. Give h(i).
12
Let u(d) = 7*d**2 - 11*d + 15. Let l(b) = 3*b**2 - 5*b + 7. Let q(p) = -9*l(p) + 4*u(p). Suppose 0 = -4*s - 18 - 18. Let c be 2/s - 100/36. Give q(c).
3
Let a(n) = -3*n**2 + 8*n - 3. Let q(l) = -4*l**2 + 9*l - 2. Let x(k) = 5*a(k) - 4*q(k). What is x(-5)?
-2
Let w(n) be the second derivative of 1/20*n**5 + n - 5/12*n**4 + 1/6*n**3 + 0 + 2*n**2. Let q(s) = -6*s - 8. Let i be q(-2). What is w(i)?
-8
Let s(v) be the third derivative of -v**5/60 - v**4/24 - v**3/2 - 2*v**2. Give s(0).
-3
Let d(v) = -v**2 + 5*v + 12. Let l(a) = 2*a**2 - 9*a - 23. Let m(y) = -7*d(y) - 4*l(y). What is m(0)?
8
Let t(o) = o**2 + 3*o - 1. Let m be -3*(-4)/(-2)*-1. Let u be (m/4)/(1/(-2)). Give t(u).
-1
Let w(f) = f - 1. Let u be w(6). Suppose 3*z = 2 - u. Let b(m) = -6*m + 1. What is b(z)?
7
Suppose -5*t + 5 = 5. Let o(q) = -q**2 + q - 18. Determine o(t).
-18
Let q(m) = 1 - 4*m + 2 + 6*m + 2*m - m**2. Determine q(4).
3
Let a(g) = -40*g + 7*g**2 + 14*g + 19*g - g**3 + 3. Calculate a(6).
-3
Let o(q) = -3*q + q**3 - 259 + 261 + q**2 - 2*q**2. Calculate o(3).
11
Let b(n) = -27*n - 5. Let y(u) = -1. Let l(x) = b(x) - 4*y(x). What is l(-1)?
26
Let f(v) be the third derivative of v**6/120 + v**5/15 - v**4/8 - v**3/2 - 15*v**2. Calculate f(-4).
9
Suppose 0 = -5*a + 13 + 12. Suppose -2*w = -s - 8, a*w - 33 = -8. Let l(y) = y**2 + y + 2. Calculate l(s).
8
Let z(f) = f - 7. Let d(k) = k**3 - k. Let g(v) = -4*v**3 - 7*v**2 + 4*v + 7. Let n(s) = -5*d(s) - g(s). Let y be n(7). What is z(y)?
-7
Let m(k) = k**2 - 4*k - 3. Let h be (1*-5)/(5/(-5)). Give m(h).
2
Let n(z) = -4*z**2 + 0 + 6 + 0*z**2 - 4*z + z**3. Suppose -28 = -5*v + 2*h, 5*v - 3*v - h - 12 = 0. Determine n(v).
-10
Let v be -1 + (-2 - -5)*1. Suppose -v*j - j = 0. Let c(a) be the second derivative of -a**3/6 - 11*a**2/2 + 2*a. Determine c(j).
-11
Let w(b) be the third derivative of -1/24*b**4 - 1/60*b**5 - 1/3*b**3 + 2*b**2 - 1/120*b**6 + 0 + 0*b. What is w(0)?
-2
Let r(h) = 2*h**2 + 3*h + 1. Suppose 0 = 4*g - 2*g + 8, -d = -g - 7. Suppose d*s - 2 = s. Suppose -s = -3*t - 7. What is r(t)?
3
Let k(b) = -b + 1. Let r be k(6). Let y(w) = w**2 - 5*w + 2. Let c be y(4). Let v(j) = -2*j - 3. Let u(n) = -1. Let l(t) = c*u(t) - v(t). Determine l(r).
-5
Let d be (-3 + (-78)/(-18))/(6/(-45)). Let n(o) = -o**3 - 9*o**2 + 10*o - 6. Calculate n(d).
-6
Let p(t) = 3*t**2 + 24*t - 13. Let y(x) = -x**2 - x. Let i(n) = -p(n) - 5*y(n). Let v(z) = -3*z**2 + 29*z - 20. Let d(g) = 8*i(g) + 5*v(g). Calculate d(7).
4
Let w(m) = 2*m**2 + m**3 - 2*m + 3*m - 4*m**2. Suppose -c = 1 + 1. Let q be 4/c + 1 + 3. What is w(q)?
2
Let q = -14 - -8. Let t = q + 3. Let v(c) = c**3 + 4*c**2 + 2*c - 3. Give v(t).
0
Let v(t) = -2*t**2 + t. Suppose -10*a - 7 = 13. Determine v(a).
-10
Let g(q) be the third derivative of 3*q**2 + 4/3*q**3 - 1/24*q**4 + 0 + 0*q. Calculate g(6).
2
Let d be (-3)/(-1*(1 + 0)). Let r(o) = -o**3 + 4*o**2 - 3*o + 1. Calculate r(d).
1
Let m(d) = d**2 + 6*d + 4. Let q be 194/8 + 1/(-4). Let c be 64/q*6/(-4). Determine m(c).
-4
Let b = -7 - -2. Let r be 6 - ((-4)/2 - b). Let k(z) = -z**2 - 2*z + 4. Determine k(r).
-11
Let r(d) = -3*d**2 - 4*d**3 - d**3 + 4*d**3 - 2 - 4*d. Let f(p) = -p**2 + 2*p + 1. Let a(i) = -i + 2. Let j be a(3). Let w be f(j). Give r(w).
2
Let c(o) = -28*o + 4 + 53*o - 27*o. Calculate c(-3)